{"id":1252,"date":"2021-04-19T10:57:31","date_gmt":"2021-04-19T13:57:31","guid":{"rendered":"http:\/\/municipalidadovalle.cl\/Bicentenario\/?page_id=1252"},"modified":"2021-05-24T12:18:38","modified_gmt":"2021-05-24T15:18:38","slug":"cartas-al-futuro","status":"publish","type":"page","link":"https:\/\/municipalidadovalle.cl\/Bicentenario\/cartas-al-futuro\/","title":{"rendered":"Cartas al futuro"},"content":{"rendered":"<section class=\"l-section wpb_row height_large width_full with_img\"><div class=\"l-section-img\" style=\"background-image: url(https:\/\/municipalidadovalle.cl\/Bicentenario\/wp-content\/uploads\/2021\/04\/IMG_0635-scaled.jpg);\" data-img-width=\"2560\" data-img-height=\"1707\"><\/div><div class=\"l-section-h i-cf\"><div class=\"g-cols type_default valign_top\"><div class=\"vc_col-sm-6 wpb_column vc_column_container\"><div class=\"vc_column-inner  vc_custom_1619013176109\"><div class=\"wpb_wrapper\">[vc_empty_space height=\u00bb150px\u00bb][vc_custom_heading text=\u00bbCartas al futuro\u00bb font_container=\u00bbtag:h2|font_size:50|text_align:left|color:%23ffffff\u00bb google_fonts=\u00bbfont_family:Montserrat%3Aregular%2C700|font_style:700%20bold%20regular%3A700%3Anormal\u00bb]<div class=\"w-scroller style_style_1 pos_right\" data-disablewidth=\"768\">\r\n\t<\/div>\r\n<\/div><\/div><\/div><div class=\"vc_col-sm-6 wpb_column vc_column_container\"><div class=\"vc_column-inner\"><div class=\"wpb_wrapper\"><\/div><\/div><\/div><\/div><\/div><\/section><section class=\"l-section wpb_row height_small\"><div class=\"l-section-h i-cf\"><div class=\"g-cols type_default valign_top\"><div class=\"vc_col-sm-12 wpb_column vc_column_container\"><div class=\"vc_column-inner\"><div class=\"wpb_wrapper\">\r\n\t<div class=\"wpb_text_column \">\r\n\t\t<div class=\"wpb_wrapper\">\r\n\t\t\t<h2 style=\"text-align: center;\"><span class=\"highlight highlight_primary\">CARTAS <\/span><span style=\"color: #0065cd;\">AL<\/span> <span style=\"color: #0065cd;\">FUTURO<\/span><\/h2>\n<p style=\"text-align: justify;\">Te invitamos a so\u00f1ar el Ovalle que queremos. Cu\u00e9ntanos c\u00f3mo imaginas la comuna, sus calles, los espacios p\u00fablicos y qu\u00e9 proyectos te gustar\u00eda concretar en Ovalle al cumplirse nuestro bicentenario, en el a\u00f1o 2031.<\/p>\n\r\n\t\t<\/div>\r\n\t<\/div>\r\n[vc_empty_space height=\u00bb20px\u00bb]<div class=\"g-cols wpb_row type_default valign_top vc_inner \"><div class=\"vc_col-sm-6 wpb_column vc_column_container\"><div class=\"vc_column-inner\"><div class=\"wpb_wrapper\"><div class=\"w-image align_center style_simple\"><div class=\"us-frame\"><img loading=\"lazy\" decoding=\"async\" width=\"600\" height=\"400\" src=\"https:\/\/municipalidadovalle.cl\/Bicentenario\/wp-content\/uploads\/2021\/04\/cartas_alfuturo_sello_correo-600x400.jpg\" class=\"attachment-tnail-3x2 size-tnail-3x2\" alt=\"\" \/><\/div><\/div><\/div><\/div><\/div><div class=\"vc_col-sm-6 wpb_column vc_column_container\"><div class=\"vc_column-inner\"><div class=\"wpb_wrapper\"><div class=\"w-form for_cform align_left\" id=\"us_form_1\">\r\n\t<form class=\"w-form-h\" autocomplete=\"off\" action=\"https:\/\/municipalidadovalle.cl\/Bicentenario\/Bicentenario\/wp-json\/wp\/v2\/pages\/1252\" method=\"post\">\r\n\t\t\t\t\t\t\t<div class=\"w-form-row for_name required\">\r\n\t<div class=\"w-form-row-label\">\r\n\t\t<label for=\"us_form_1_name\"><\/label>\r\n\t<\/div>\r\n\t<div class=\"w-form-row-field\">\r\n\t\t\t\t<input type=\"text\" name=\"name\" id=\"us_form_1_name\" value=\"\"\r\n\t\t\t   placeholder=\"Nombre *\" data-required=\"true\" aria-required=\"true\"\/>\r\n\t\t<span class=\"w-form-row-field-bar\"><\/span>\r\n\t\t\t<\/div>\r\n\t<div class=\"w-form-row-state\"><\/div>\r\n\t<\/div>\r\n\t\t\t\t\t<div class=\"w-form-row for_email required\">\r\n\t<div class=\"w-form-row-label\">\r\n\t\t<label for=\"us_form_1_email\"><\/label>\r\n\t<\/div>\r\n\t<div class=\"w-form-row-field\">\r\n\t\t\t\t<input type=\"email\" name=\"email\" id=\"us_form_1_email\" value=\"\"\r\n\t\t\t   placeholder=\"Correo electr\u00f3nico *\" data-required=\"true\" aria-required=\"true\"\/>\r\n\t\t<span class=\"w-form-row-field-bar\"><\/span>\r\n\t\t\t<\/div>\r\n\t<div class=\"w-form-row-state\"><\/div>\r\n\t<\/div>\r\n\t\t\t\t\t<div class=\"w-form-row for_phone required\">\r\n\t<div class=\"w-form-row-label\">\r\n\t\t<label for=\"us_form_1_phone\"><\/label>\r\n\t<\/div>\r\n\t<div class=\"w-form-row-field\">\r\n\t\t\t\t<input type=\"text\" name=\"phone\" id=\"us_form_1_phone\" value=\"\"\r\n\t\t\t   placeholder=\"N\u00famero de tel\u00e9fono *\" data-required=\"true\" aria-required=\"true\"\/>\r\n\t\t<span class=\"w-form-row-field-bar\"><\/span>\r\n\t\t\t<\/div>\r\n\t<div class=\"w-form-row-state\"><\/div>\r\n\t<\/div>\r\n\t\t\t\t\t<div class=\"w-form-row for_message required\">\r\n\t<div class=\"w-form-row-label\">\r\n\t\t<label for=\"us_form_1_message\"><\/label>\r\n\t<\/div>\r\n\t<div class=\"w-form-row-field\">\r\n\t\t\t\t<textarea name=\"message\" id=\"us_form_1_message\" cols=\"30\" rows=\"10\" placeholder=\"Mensaje *\"\r\n\t\t\t data-required=\"true\" aria-required=\"true\"><\/textarea>\r\n\t\t<span class=\"w-form-row-field-bar\"><\/span>\r\n\t\t\t<\/div>\r\n\t<div class=\"w-form-row-state\"><\/div>\r\n\t<\/div>\r\n\t\t\t\t\t<input type=\"hidden\" name=\"action\" value=\"us_ajax_cform\" \/>\r\n\t\t\t\t\t<input type=\"hidden\" name=\"post_id\" value=\"1252\" \/>\r\n\t\t\t\t\t<input type=\"hidden\" name=\"form_index\" value=\"1\" \/>\r\n\t\t\t\t\t<div class=\"w-form-row for_submit\">\r\n\t<div class=\"w-form-row-field\">\r\n\t\t<button class=\"w-btn  color_primary style_solid\" type=\"submit\"><span class=\"g-preloader type_1\"><\/span><span class=\"w-btn-label\">Enviar carta<\/span><\/button>\r\n\t<\/div>\r\n<\/div>\r\n\t\t\t\t<div class=\"w-form-message\"><\/div>\r\n\t\t\t<\/form>\r\n\t\t\t<div class=\"w-form-json hidden\" onclick='return {&quot;ajaxurl&quot;:&quot;https:\\\/\\\/municipalidadovalle.cl\\\/Bicentenario\\\/wp-admin\\\/admin-ajax.php&quot;,&quot;success&quot;:&quot;\\u00a1Gracias! Tu mensaje ha sido enviado correctamente.&quot;,&quot;errors&quot;:{&quot;name&quot;:&quot;Por favor, introduce tu nombre&quot;,&quot;email&quot;:&quot;Por favor, introduce una direcci\\u00f3n de correo electr\\u00f3nico v\\u00e1lida.&quot;,&quot;phone&quot;:&quot;Por favor, introduce tu n\\u00famero de tel\\u00e9fono&quot;,&quot;message&quot;:&quot;Por favor, introduce un mensaje&quot;}}'><\/div>\r\n\t<\/div>\r\n\r\n\t<div class=\"wpb_text_column \">\r\n\t\t<div class=\"wpb_wrapper\">\r\n\t\t\t\n<div class=\"juiz_sps_links  counters_both juiz_sps_displayed_bottom\" data-post-id=\"1252\">\n<p class=\"screen-reader-text juiz_sps_maybe_hidden_text\">Compartir la entrada \"Cartas al futuro\"<\/p>\n\n\t<ul class=\"juiz_sps_links_list\"><li class=\"juiz_sps_item juiz_sps_link_facebook\"><a href=\"https:\/\/www.facebook.com\/sharer.php?u=https%3A%2F%2Fmunicipalidadovalle.cl%2FBicentenario%2Fwp-json%2Fwp%2Fv2%2Fpages%2F1252\" rel=\"nofollow\"   title=\"Compartir este art\u00edculo en Facebook\" class=\"juiz_sps_button\" data-nobs-key=\"facebook\"><span class=\"juiz_sps_icon jsps-facebook\"><\/span><span class=\"juiz_sps_network_name\">Facebook<\/span><\/a><\/li><li class=\"juiz_sps_item juiz_sps_link_twitter\"><a href=\"https:\/\/twitter.com\/intent\/tweet?source=webclient&#038;original_referer=https%3A%2F%2Fmunicipalidadovalle.cl%2FBicentenario%2Fwp-json%2Fwp%2Fv2%2Fpages%2F1252&#038;text=Cartas%20al%20futuro&#038;url=https%3A%2F%2Fmunicipalidadovalle.cl%2FBicentenario%2Fwp-json%2Fwp%2Fv2%2Fpages%2F1252&#038;related=wpsharebuttons&#038;via=wpsharebuttons\" rel=\"nofollow\"   title=\"Compartir este art\u00edculo en Twitter\" class=\"juiz_sps_button\" data-nobs-key=\"twitter\"><span class=\"juiz_sps_icon jsps-twitter\"><\/span><span class=\"juiz_sps_network_name\">Twitter<\/span><\/a><\/li><\/ul>\n\t<\/div>\n\n\n\r\n\t\t<\/div>\r\n\t<\/div>\r\n<\/div><\/div><\/div><\/div><\/div><\/div><\/div><\/div><\/div><\/section>\n","protected":false},"excerpt":{"rendered":"Ovalle Bicentenario - \u00a9 Todos los derechos Reservados 2021 Facebook YouTube Instagram","protected":false},"author":1,"featured_media":1258,"parent":0,"menu_order":0,"comment_status":"closed","ping_status":"closed","template":"","meta":{"footnotes":""},"_links":{"self":[{"href":"https:\/\/municipalidadovalle.cl\/Bicentenario\/wp-json\/wp\/v2\/pages\/1252"}],"collection":[{"href":"https:\/\/municipalidadovalle.cl\/Bicentenario\/wp-json\/wp\/v2\/pages"}],"about":[{"href":"https:\/\/municipalidadovalle.cl\/Bicentenario\/wp-json\/wp\/v2\/types\/page"}],"author":[{"embeddable":true,"href":"https:\/\/municipalidadovalle.cl\/Bicentenario\/wp-json\/wp\/v2\/users\/1"}],"replies":[{"embeddable":true,"href":"https:\/\/municipalidadovalle.cl\/Bicentenario\/wp-json\/wp\/v2\/comments?post=1252"}],"version-history":[{"count":23,"href":"https:\/\/municipalidadovalle.cl\/Bicentenario\/wp-json\/wp\/v2\/pages\/1252\/revisions"}],"predecessor-version":[{"id":1370,"href":"https:\/\/municipalidadovalle.cl\/Bicentenario\/wp-json\/wp\/v2\/pages\/1252\/revisions\/1370"}],"wp:featuredmedia":[{"embeddable":true,"href":"https:\/\/municipalidadovalle.cl\/Bicentenario\/wp-json\/wp\/v2\/media\/1258"}],"wp:attachment":[{"href":"https:\/\/municipalidadovalle.cl\/Bicentenario\/wp-json\/wp\/v2\/media?parent=1252"}],"curies":[{"name":"wp","href":"https:\/\/api.w.org\/{rel}","templated":true}]}}