{"id":3406,"date":"2017-03-07T13:52:52","date_gmt":"2017-03-07T13:52:52","guid":{"rendered":"http:\/\/catalogoartistico.municipalidaddeovalle.cl\/?page_id=3406"},"modified":"2023-06-15T15:41:26","modified_gmt":"2023-06-15T15:41:26","slug":"formulario-de-prueba","status":"publish","type":"page","link":"http:\/\/municipalidadovalle.cl\/catalogo\/?page_id=3406","title":{"rendered":"Formulario de Registro Artistas y Agrupaciones"},"content":{"rendered":"<section class=\"l-section wpb_row height_small with_overlay\"><div class=\"l-section-overlay\" style=\"background-color: #f9a02c\"><\/div><div class=\"l-section-h i-cf\"><div class=\"g-cols type_default valign_bottom\"><div class=\"vc_col-sm-12 wpb_column vc_column_container\"><div class=\"vc_column-inner\"><div class=\"wpb_wrapper\">\r\n\t<div class=\"wpb_text_column \">\r\n\t\t<div class=\"wpb_wrapper\">\r\n\t\t\t<article class=\"oferente left\">\n<h3><span style=\"color: #000000;\"><strong>Artista o Agrupaci\u00f3n<\/strong><\/span><\/h3>\n<p><span style=\"font-size: 14pt; color: #000000;\"> Si eres artista o gestor cultural de la comuna de Ovalle te invitamos a formar parte de este Cat\u00e1logo Art\u00edstico, con el fin de dar a conocer, a trav\u00e9s de esta plataforma, tus ofertas program\u00e1ticas.<\/span><\/p>\n<p><span style=\"font-size: 14pt; color: #000000;\">La informaci\u00f3n contenida en este cat\u00e1logo estar\u00e1 disponible para los programadores de todo el pa\u00eds que se encuentren inscritos como tal (fundaciones, teatros, centros culturales, municipios, entre otros) para de esta manera generar contactos y redes culturales que propicien las contrataciones de los artistas, gestores, colectivos (\u2026) dentro y fuera de Ovalle.<\/span><\/p>\n<\/article>\n\r\n\t\t<\/div>\r\n\t<\/div>\r\n<\/div><\/div><\/div><\/div><\/div><\/section><section class=\"l-section wpb_row height_small with_overlay\"><div class=\"l-section-overlay\" style=\"background-color: #f9a02c\"><\/div><div class=\"l-section-h i-cf\"><div class=\"g-cols type_default valign_top\"><div class=\"vc_col-sm-12 wpb_column vc_column_container\"><div class=\"vc_column-inner\"><div class=\"wpb_wrapper\">\n<div class=\"wpcf7 no-js\" id=\"wpcf7-f3405-o1\" lang=\"es-ES\" dir=\"ltr\">\n<div class=\"screen-reader-response\"><p role=\"status\" aria-live=\"polite\" aria-atomic=\"true\"><\/p> <ul><\/ul><\/div>\n<form action=\"\/catalogo\/index.php?rest_route=%2Fwp%2Fv2%2Fpages%2F3406#wpcf7-f3405-o1\" method=\"post\" class=\"wpcf7-form init\" aria-label=\"Formulario de contacto\" enctype=\"multipart\/form-data\" novalidate=\"novalidate\" data-status=\"init\">\n<div style=\"display: none;\">\n<input type=\"hidden\" name=\"_wpcf7\" value=\"3405\" \/>\n<input type=\"hidden\" name=\"_wpcf7_version\" value=\"5.7.6\" \/>\n<input type=\"hidden\" name=\"_wpcf7_locale\" value=\"es_ES\" \/>\n<input type=\"hidden\" name=\"_wpcf7_unit_tag\" value=\"wpcf7-f3405-o1\" \/>\n<input type=\"hidden\" name=\"_wpcf7_container_post\" value=\"0\" \/>\n<input type=\"hidden\" name=\"_wpcf7_posted_data_hash\" value=\"\" \/>\n<\/div>\n<h4><strong>Ingresa tus datos o los de tu agrupaci\u00f3n art\u00edstica en el siguiente formulario.<\/strong>\n<\/h4>\n<p>\n\t<font color=##FF0000 <\/font> *Campo requerido\n\t<\/font>\n<\/p>\n<font color=##000000 <\/font>\n\t<p>Nombre Oferente*\n\t<\/p>\n\t<font color=##000000 <\/font>\n\t\t<p><span class=\"wpcf7-form-control-wrap\" data-name=\"Nombre\"><input size=\"40\" class=\"wpcf7-form-control wpcf7-text wpcf7-validates-as-required\" aria-required=\"true\" aria-invalid=\"false\" value=\"\" type=\"text\" name=\"Nombre\" \/><\/span>\n\t\t<\/p>\n\t\t<p>Tel\u00e9fono*\n\t\t<\/p>\n\t\t<font color=##000000 <\/font>\n\t\t\t<p><span class=\"wpcf7-form-control-wrap\" data-name=\"telefono\"><input size=\"40\" class=\"wpcf7-form-control wpcf7-text wpcf7-tel wpcf7-validates-as-required wpcf7-validates-as-tel\" aria-required=\"true\" aria-invalid=\"false\" value=\"\" type=\"tel\" name=\"telefono\" \/><\/span>\n\t\t\t<\/p>\n\t\t\t<p>Correo Electr\u00f3nico*\n\t\t\t<\/p>\n\t\t\t<p><span class=\"wpcf7-form-control-wrap\" data-name=\"correo\"><input size=\"40\" class=\"wpcf7-form-control wpcf7-text wpcf7-email wpcf7-validates-as-required wpcf7-validates-as-email\" aria-required=\"true\" aria-invalid=\"false\" value=\"\" type=\"email\" name=\"correo\" \/><\/span>\n\t\t\t\t<font color=##000000 <\/font>\n\t\t\t\t<\/font>\n\t\t\t<\/p>\n\t\t\t<p>Comuna*\n\t\t\t<\/p>\n\t\t\t<font color=##000000 <\/font>\n\t\t\t\t<p><span class=\"wpcf7-form-control-wrap\" data-name=\"comuna\"><input size=\"40\" class=\"wpcf7-form-control wpcf7-text wpcf7-validates-as-required\" aria-required=\"true\" aria-invalid=\"false\" value=\"\" type=\"text\" name=\"comuna\" \/><\/span>\n\t\t\t\t<\/p>\n\t\t\t\t<p>Rese\u00f1a o descripci\u00f3n del Artista o Agrupaci\u00f3n*\n\t\t\t\t<\/p>\n\t\t\t\t<font color=##000000 <\/font>\n\t\t\t\t\t<p><span class=\"wpcf7-form-control-wrap\" data-name=\"resena\"><input size=\"40\" class=\"wpcf7-form-control wpcf7-text wpcf7-validates-as-required\" aria-required=\"true\" aria-invalid=\"false\" value=\"\" type=\"text\" name=\"resena\" \/><\/span>\n\t\t\t\t\t<\/p>\n\t\t\t\t\t<p>Foto de Perfil*\n\t\t\t\t\t<\/p>\n\t\t\t\t\t<font color=##000000 <\/font>\n\t\t\t\t\t\t<p><span class=\"wpcf7-form-control-wrap\" data-name=\"foto\"><input size=\"40\" class=\"wpcf7-form-control wpcf7-file wpcf7-validates-as-required\" accept=\"audio\/*,video\/*,image\/*\" aria-required=\"true\" aria-invalid=\"false\" type=\"file\" name=\"foto\" \/><\/span>\n\t\t\t\t\t\t<\/p>\n\t\t\t\t\t\t<p>Fotos para Galer\u00eda\n\t\t\t\t\t\t\t<font color=##000000 <\/font>\n<span class=\"wpcf7-form-control-wrap\" data-name=\"foto1\"><input size=\"40\" class=\"wpcf7-form-control wpcf7-file\" accept=\".png,.jpeg,.jpg\" aria-invalid=\"false\" type=\"file\" name=\"foto1\" \/><\/span>\n<span class=\"wpcf7-form-control-wrap\" data-name=\"foto2\"><input size=\"40\" class=\"wpcf7-form-control wpcf7-file\" accept=\".png,.jpeg,.jpg\" aria-invalid=\"false\" type=\"file\" name=\"foto2\" \/><\/span>\n<span class=\"wpcf7-form-control-wrap\" data-name=\"foto3\"><input size=\"40\" class=\"wpcf7-form-control wpcf7-file\" accept=\".png,.jpeg,.jpg\" aria-invalid=\"false\" type=\"file\" name=\"foto3\" \/><\/span>\n\nDocumento Anexo \"Dossier\" (opcional)\n\t\t\t\t\t\t\t\t<font color=##000000 <\/font>\n<span class=\"wpcf7-form-control-wrap\" data-name=\"documento\"><input size=\"40\" class=\"wpcf7-form-control wpcf7-file\" accept=\".pdf,.docx,.doc\" aria-invalid=\"false\" type=\"file\" name=\"documento\" \/><\/span>\n\t\t\t\t\t\t\t\t<\/font>\n\t\t\t\t\t\t\t<\/font>\n\t\t\t\t\t\t<\/p>\n\t\t\t\t\t\t<p>Nombre de Contacto*\n\t\t\t\t\t\t<\/p>\n\t\t\t\t\t\t<font color=##000000 <\/font>\n\t\t\t\t\t\t\t<p><span class=\"wpcf7-form-control-wrap\" data-name=\"contacto\"><input size=\"40\" class=\"wpcf7-form-control wpcf7-text wpcf7-validates-as-required\" aria-required=\"true\" aria-invalid=\"false\" value=\"\" type=\"text\" name=\"contacto\" \/><\/span>\n\t\t\t\t\t\t\t<\/p>\n\t\t\t\t\t\t\t<p>Categor\u00eda*\n\t\t\t\t\t\t\t<\/p>\n\t\t\t\t\t\t\t<font color=##000000 <\/font>\n\t\t\t\t\t\t\t\t<p><span class=\"wpcf7-form-control-wrap\" data-name=\"categoria\"><select class=\"wpcf7-form-control wpcf7-select wpcf7-validates-as-required\" aria-required=\"true\" aria-invalid=\"false\" name=\"categoria\"><option value=\"Arquitectura\">Arquitectura<\/option><option value=\"Artes Visuales\">Artes Visuales<\/option><option value=\"Artes Circenses\">Artes Circenses<\/option><option value=\"Artesan\u00eda\">Artesan\u00eda<\/option><option value=\"Audio Visual\">Audio Visual<\/option><option value=\"Danza\">Danza<\/option><option value=\"Dise\u00f1o\">Dise\u00f1o<\/option><option value=\"Fotograf\u00eda\">Fotograf\u00eda<\/option><option value=\"Literatura\">Literatura<\/option><option value=\"M\u00fasica\">M\u00fasica<\/option><option value=\"Teatro\">Teatro<\/option><option value=\"Nuevos Medios\">Nuevos Medios<\/option><\/select><\/span>\n\t\t\t\t\t\t\t\t<\/p>\n\t\t\t\t\t\t\t\t<p>Facebook\n\t\t\t\t\t\t\t\t\t<font color=##000000 <\/font>\n<span class=\"wpcf7-form-control-wrap\" data-name=\"facebook\"><input size=\"40\" class=\"wpcf7-form-control wpcf7-text\" aria-invalid=\"false\" value=\"https:\/\/\" type=\"text\" name=\"facebook\" \/><\/span>\n\nInstagram\n\t\t\t\t\t\t\t\t\t\t<font color=##000000 <\/font>\n<span class=\"wpcf7-form-control-wrap\" data-name=\"instagram\"><input size=\"40\" class=\"wpcf7-form-control wpcf7-text\" aria-invalid=\"false\" value=\"https:\/\/\" type=\"text\" name=\"instagram\" \/><\/span>\n\nYouTube (opcional)\n\t\t\t\t\t\t\t\t\t\t\t<font color=##000000 <\/font>\n<span class=\"wpcf7-form-control-wrap\" data-name=\"youtube\"><input size=\"40\" class=\"wpcf7-form-control wpcf7-text\" aria-invalid=\"false\" value=\"https:\/\/\" type=\"text\" name=\"youtube\" \/><\/span>\n\nSpotify (opcional)\n\t\t\t\t\t\t\t\t\t\t\t\t<font color=##000000 <\/font>\n<span class=\"wpcf7-form-control-wrap\" data-name=\"spotify\"><input size=\"40\" class=\"wpcf7-form-control wpcf7-text\" aria-invalid=\"false\" value=\"https:\/\/\" type=\"text\" name=\"spotify\" \/><\/span>\n\nSitio web (opcional)\n\t\t\t\t\t\t\t\t\t\t\t\t\t<font color=##000000 <\/font>\n<span class=\"wpcf7-form-control-wrap\" data-name=\"web\"><input size=\"40\" class=\"wpcf7-form-control wpcf7-text\" aria-invalid=\"false\" value=\"http:\/\/\" type=\"text\" name=\"web\" \/><\/span>\n\nOtro\n\t\t\t\t\t\t\t\t\t\t\t\t\t\t<font color=##000000 <\/font>\n<span class=\"wpcf7-form-control-wrap\" data-name=\"url-702\"><input size=\"40\" class=\"wpcf7-form-control wpcf7-text wpcf7-url wpcf7-validates-as-url\" aria-invalid=\"false\" value=\"\" type=\"url\" name=\"url-702\" \/><\/span>\n\n\n\n<input class=\"wpcf7-form-control has-spinner wpcf7-submit\" type=\"submit\" value=\"Enviar Datos\" \/>\n\t\t\t\t\t\t\t\t\t\t\t\t\t\t\t<font color=##000000 <\/font>\n\t\t\t\t\t\t\t\t\t\t\t\t\t\t\t<\/font>\n\t\t\t\t\t\t\t\t\t\t\t\t\t\t<\/font>\n\t\t\t\t\t\t\t\t\t\t\t\t\t<\/font>\n\t\t\t\t\t\t\t\t\t\t\t\t<\/font>\n\t\t\t\t\t\t\t\t\t\t\t<\/font>\n\t\t\t\t\t\t\t\t\t\t<\/font>\n\t\t\t\t\t\t\t\t\t<\/font>\n\t\t\t\t\t\t\t\t<\/p>\n\t\t\t\t\t\t\t<\/font>\n\t\t\t\t\t\t<\/font>\n\t\t\t\t\t<\/font>\n\t\t\t\t<\/font>\n\t\t\t<\/font>\n\t\t<\/font>\n\t<\/font>\n<\/font><p style=\"display: none !important;\"><label>&#916;<textarea name=\"_wpcf7_ak_hp_textarea\" cols=\"45\" rows=\"8\" maxlength=\"100\"><\/textarea><\/label><input type=\"hidden\" id=\"ak_js_1\" name=\"_wpcf7_ak_js\" value=\"151\"\/><script>document.getElementById( \"ak_js_1\" ).setAttribute( \"value\", ( new Date() ).getTime() );<\/script><\/p><input type='hidden' class='wpcf7-pum' value='{\"closepopup\":false,\"closedelay\":0,\"openpopup\":false,\"openpopup_id\":0}' \/><div class=\"wpcf7-response-output\" aria-hidden=\"true\"><\/div>\n<\/form>\n<\/div>\n<\/div><\/div><\/div><\/div><\/div><\/section>\n","protected":false},"excerpt":{"rendered":"Centro de Extensi\u00f3n Cultural Municipal de Ovalle \u2013 Independencia #479 \u2013 Tel\u00e9fono (53) 2627645 \u2013 Correo ihuerta@ccmo.cl Teatro Municipal de Ovalle \u2013 Carmen #252 \u2013 Tel\u00e9fono (53) 2665376- Correo ihuerta@ccmo.cl Biblioteca Municipal V\u00edctor Domingo Silva \u2013 Covarrubias #240 \u2013 Tel\u00e9fono (53) 2625160 \u2013 Correo mfuetealba@ccmo.cl","protected":false},"author":1,"featured_media":0,"parent":0,"menu_order":0,"comment_status":"closed","ping_status":"closed","template":"","meta":[],"_links":{"self":[{"href":"http:\/\/municipalidadovalle.cl\/catalogo\/index.php?rest_route=\/wp\/v2\/pages\/3406"}],"collection":[{"href":"http:\/\/municipalidadovalle.cl\/catalogo\/index.php?rest_route=\/wp\/v2\/pages"}],"about":[{"href":"http:\/\/municipalidadovalle.cl\/catalogo\/index.php?rest_route=\/wp\/v2\/types\/page"}],"author":[{"embeddable":true,"href":"http:\/\/municipalidadovalle.cl\/catalogo\/index.php?rest_route=\/wp\/v2\/users\/1"}],"replies":[{"embeddable":true,"href":"http:\/\/municipalidadovalle.cl\/catalogo\/index.php?rest_route=%2Fwp%2Fv2%2Fcomments&post=3406"}],"version-history":[{"count":7,"href":"http:\/\/municipalidadovalle.cl\/catalogo\/index.php?rest_route=\/wp\/v2\/pages\/3406\/revisions"}],"predecessor-version":[{"id":6062,"href":"http:\/\/municipalidadovalle.cl\/catalogo\/index.php?rest_route=\/wp\/v2\/pages\/3406\/revisions\/6062"}],"wp:attachment":[{"href":"http:\/\/municipalidadovalle.cl\/catalogo\/index.php?rest_route=%2Fwp%2Fv2%2Fmedia&parent=3406"}],"curies":[{"name":"wp","href":"https:\/\/api.w.org\/{rel}","templated":true}]}}